 base 6, what is 24 + 1420122115?
1420122143
In base 10, what is -61312 + 15?
-61297
In base 16, what is -4 - -265666f?
265666b
In base 2, what is 1 + 111111110110010000101?
111111110110010000110
In base 11, what is a5 - 126457?
-126362
In base 15, what is -1b - -a8ea6?
a8e8a
In base 7, what is 6461325105 - 1?
6461325104
In base 8, what is -27 + -3010432?
-3010461
In base 12, what is -23 + -77986?
-779a9
In base 3, what is -11 - 2010212101101?
-2010212101112
In base 4, what is 123 + 313102210?
313102333
In base 11, what is -3 - 365228a?
-3652292
In base 2, what is -10 - 10000111101010101010?
-10000111101010101100
In base 8, what is -116507310 + -6?
-116507316
In base 11, what is 0 - -30a0137?
30a0137
In base 13, what is 37995a - -23?
379980
In base 13, what is 1588356 - -1?
1588357
In base 11, what is -4049 + 2282?
-1877
In base 7, what is 25012030 + -3?
25012024
In base 9, what is -1772780 + -35?
-1772825
In base 16, what is c + -1cbe6?
-1cbda
In base 14, what is -11 - 3d1da00?
-3d1da11
In base 16, what is -4a61c - -64?
-4a5b8
In base 6, what is -145415511 + 235?
-145415232
In base 9, what is -878 - 14485?
-15474
In base 6, what is 214 - -305543252?
305543510
In base 15, what is 7 - -1890e4e?
1890e56
In base 16, what is 51 - -be?
10f
In base 11, what is 548924 - 13?
548911
In base 2, what is -10110001111001000011 + -1100?
-10110001111001001111
In base 10, what is 88181618 - -4?
88181622
In base 14, what is -56 + -68d5?
-694b
In base 9, what is 15846 + -1305?
14541
In base 9, what is -1535 - -5110?
3464
In base 12, what is -113 + a22a9?
a2196
In base 15, what is 434c8 - 2?
434c6
In base 16, what is 6e1e454 + -3?
6e1e451
In base 2, what is 11010001100 - 1110000110?
1100000110
In base 8, what is 4 - -22547470?
22547474
In base 4, what is -1131221330030 + 10?
-1131221330020
In base 7, what is 1 + -10261516051?
-10261516050
In base 4, what is 2201031311 + 1?
2201031312
In base 14, what is 25d63 + 3aa?
2632d
In base 4, what is -301 - -322222101?
322221200
In base 16, what is -1206 - -274?
-f92
In base 14, what is 162 - b308?
-b186
In base 15, what is da5 + 2c1?
1176
In base 9, what is 22267 - 1421?
20746
In base 16, what is -9 - -7a109?
7a100
In base 11, what is 0 + -1569?
-1569
In base 3, what is 212001200011 + 20?
212001200101
In base 11, what is 9766 + 1a437?
290a2
In base 6, what is 450 - -134115414?
134120304
In base 4, what is -1223 - 200213033?
-200220322
In base 9, what is -1157 + -3523?
-4681
In base 12, what is 17553a + 29?
175567
In base 2, what is -11001001 + 10001101101110?
10001010100101
In base 8, what is -31015 - 12551?
-43566
In base 8, what is 10 + 35072731?
35072741
In base 3, what is 100 - 2201020212110?
-2201020212010
In base 14, what is d7 + 453db?
454d4
In base 15, what is 773 - 41719?
-40e96
In base 3, what is 12210100 - 200001022?
-110020222
In base 16, what is -142 + 2731?
25ef
In base 4, what is 2 + -2012230212111?
-2012230212103
In base 4, what is 3 + 233123202222?
233123202231
In base 12, what is 96a6274 + -1?
96a6273
In base 12, what is -3a38451 + 5?
-3a38448
In base 12, what is 2a6978 - a?
2a696a
In base 15, what is 1 - -720aa7?
720aa8
In base 6, what is 34021213 - -130?
34021343
In base 14, what is 192244 - 53?
1921d1
In base 6, what is -5 - -324151325?
324151320
In base 14, what is 869a + -947?
7b53
In base 2, what is 0 - 11011001101101100111?
-11011001101101100111
In base 10, what is -37 + 161407?
161370
In base 5, what is -4 - -12320340124?
12320340120
In base 3, what is -11012012102 - -2000000?
-11010012102
In base 12, what is 6280658 + 1?
6280659
In base 8, what is 3103 + -7062?
-3757
In base 4, what is 22103231113300 - 11?
22103231113223
In base 6, what is -4 + 11211133?
11211125
In base 8, what is 2 - -222342306?
222342310
In base 10, what is -2594764 - -43?
-2594721
In base 14, what is -4 + 22816cc2?
22816cbc
In base 12, what is -5 - 50246571?
-50246576
In base 8, what is -5 - -16353770?
16353763
In base 11, what is 10a692 - -1293?
110975
In base 7, what is -600 + 3024454?
3023554
In base 9, what is 18 - 2767181?
-2767162
In base 4, what is 33302310200 + -222?
33302303312
In base 10, what is 10 - 8613047?
-8613037
In base 11, what is 13 - 11976677?
-11976664
In base 14, what is 13ac - -367?
1735
In base 12, what is -146a3401 - 1?
-146a3402
In base 15, what is -2 - 1c1add2d?
-1c1add30
In base 6, what is 200053011 - 25?
200052542
In base 2, what is -110011111110001 + 10001111?
-110011101100010
In base 3, what is 101202121100002 + -111?
101202121022121
In base 14, what is -5 + -1814702?
-1814707
In base 3, what is -1012112120222 - -1102?
-1012112112120
In base 9, what is 237 - -13556?
13804
In base 3, what is -10001 - 2022110002201?
-2022110012202
In base 8, what is -1157 - -74451?
73272
In base 15, what is -a4051 + 0?
-a4051
In base 7, what is -1 - -64661636?
64661635
In base 15, what is 0 - -533e5e8?
533e5e8
In base 6, what is -5 + -14434455050?
-14434455055
In base 5, what is -14030 + -33011?
-102041
In base 10, what is -29 + 6453?
6424
In base 12, what is 3555aa + 8?
3555b6
In base 4, what is 102 - 2212103321?
-2212103213
In base 8, what is 13 - 1572742?
-1572727
In base 13, what is 2167 - -522?
2689
In base 4, what is 13000122001 + -11?
13000121330
In base 8, what is -4544 + -1225?
-5771
In base 7, what is 1111 - -54504?
55615
In base 10, what is 598 - 435216?
-434618
In base 10, what is 1475 + 4177?
5652
In base 16, what is 12 - 16d3bb?
-16d3a9
In base 3, what is -1210 + 1010000?
1001020
In base 6, what is -20 + -4212520?
-4212540
In base 6, what is 34545020 - -3141?
34552201
In base 10, what is 22 + -3781076?
-3781054
In base 3, what is 1001221 + -102101122?
-101022201
In base 11, what is -17 - 349380?
-349397
In base 16, what is -21 - -875e?
873d
In base 8, what is 13113 + -16121?
-3006
In base 4, what is -103 + 1030210023?
1030203320
In base 11, what is -33624 - 2a?
-33653
In base 8, what is -26201107 - 76?
-26201205
In base 4, what is 203 + 1312333321303?
1312333322112
In base 10, what is -5 - 53626579?
-53626584
In base 2, what is 1011101001111001100110011011 - -11?
1011101001111001100110011110
In base 3, what is 121101 + -101022111?
-100201010
In base 12, what is -379ba + -57b?
-38379
In base 7, what is -1555060155 - -4?
-1555060151
In base 2, what is -111010001010111110100110010 + -1?
-111010001010111110100110011
In base 4, what is -3110223 + -201031?
-3311320
In base 13, what is -a - 18200437?
-18200444
In base 11, what is -88339a9 - -4?
-88339a5
In base 16, what is 6735ff3 - -2?
6735ff5
In base 4, what is -113331310 - -3320?
-113321330
In base 6, what is 4 - 2221240544?
-2221240540
In base 5, what is -1 + 2044321421?
2044321420
In base 13, what is -10c31622 - 1?
-10c31623
In base 4, what is -2213000000123 - -13?
-2213000000110
In base 7, what is 662 + 151416?
152411
In base 10, what is -2 - 134569016?
-134569018
In base 8, what is -13 - 6200140?
-6200153
In base 4, what is 1212131113020 - -21?
1212131113101
In base 10, what is -15 - -1157698?
1157683
In base 4, what is -2 - 131031302013?
-131031302021
In base 9, what is 0 - -14047270?
14047270
In base 6, what is -133301410 - 4?
-133301414
In base 4, what is -202200 + -23320?
-232120
In base 12, what is -399 + -3b68?
-4345
In base 6, what is 20 - -2355220252?
2355220312
In base 7, what is -2116522650 + 1?
-2116522646
In base 3, what is -22010200121 - 1202121?
-22012110012
In base 2, what is 1101100 - 111011000101001100001?
-111011000100111110101
In base 6, what is -12 - 4411355250?
-4411355302
In base 8, what is 2455061 + 56?
2455137
In base 11, what is 64 + 883530?
883594
In base 14, what is 25 - 79287?
-79262
In base 7, what is 65152566 - 4?
65152562
In base 7, what is -42506313 + -3?
-42506316
In base 12, what is 542 + 25b11?
26453
In base 15, what is 2 + 20e73?
20e75
In base 4, what is -23 - -1010202122?
1010202033
In base 12, what is -11a - 79290?
-793aa
In base 10, what is 0 - -18491042?
18491042
In base 5, what is 220011320242 + 10?
220011320302
In base 12, what is -58155 + -2166?
-5a2bb
In base 9, what is -61676421 + 0?
-61676421
In base 15, what is 9 + -604636c?
-6046363
In base 10, what is 215130 + -547?
214583
In base 12, what is 622 - 220508?
-21baa6
In base 8, what is -11 + -51676212?
-51676223
In base 11, what is 124400 - -a85?
1